 + (1 - (-1 - -2)) + (13 - 23)?
-5
Evaluate 26 + -22 + (-12 - 0).
-8
Calculate 9 + -3 + (-11 - -2).
-3
Evaluate (7 - 16 - -17) + -15.
-7
3 + 6 + -3 + (-6 - -6 - 10)
-4
What is 1 - ((-20 - 5) + 19 + 0 + -8)?
15
15 + (-6 - 1) + (-9 - -2) - -13
14
What is the value of -15 + 5 + 34 - 16?
8
What is 19 + (-2 - -1) - (-18 + -19 + 27)?
28
Evaluate (18 - (17 + 15 + 1)) + 29.
14
24 + 17 + (-33 - 2)
6
0 - (1 - (7 - 1 - 8))
-3
Calculate 7 - (-27 + 16 + -6).
24
Calculate (9 - 18 - -8) + -8.
-9
Evaluate (62 - 49) + -50 + 4.
-33
What is 6 + (5 - (-1 + 10) - -16) + -5?
13
What is 25 + -31 + -15 - -24?
3
Calculate (6 - -9) + 4 - 8.
11
What is -6 + -1 + 22 + -25 + 6?
-4
Evaluate -12 + 6 - (-24 - -12 - -13).
-7
Calculate -30 + 35 + -16 + 17.
6
Evaluate 21 - ((12 - -2) + (28 - 33)) - -8.
20
-7 + -2 + (12 - 13)
-10
What is the value of (15 - 18) + (-6 - 0) - (8 - 13)?
-4
What is 0 + 1 - (14 - (12 - -10))?
9
What is (-37 + 9 - -4) + 2 + 4 + -6?
-24
-411 - -430 - (7 + 0)
12
-42 - -50 - (0 + (10 - -1))
-3
What is the value of 48 - (66 - 31) - (7 + -3 + -1)?
10
Calculate -1 + 4 + (24 - 9) + (39 - 42).
15
What is the value of (12 + -10 + 1 - -5) + 4?
12
(21 - (-20 + 49)) + 26
18
Calculate 14 - (-13 + 22 + -2).
7
-1 + (-3 - (-4 + 9 - -5))
-14
Evaluate (0 - (-9 + 0)) + (1021 - 1017).
13
17 + (1 - (9 - 4))
13
Calculate -12 + (-19 - (0 + -33)).
2
Calculate -30 + (34 - 31) + 7.
-20
What is 4 + -1 + -4 + -4 - -6?
1
(-19 - -13) + -1 + 0 + -6 + 3
-10
What is 9 + (-20 - ((-6 - -5) + -9))?
-1
(-69 - -62) + (4 + 0 - (0 - -2))
-5
Evaluate 91 - 73 - (1 - -5).
12
Evaluate (-12 - -1) + 27 + -24 + 20.
12
What is the value of -1 + (-1 - 0) + (-3 - 5)?
-10
What is the value of 11 + -2 + -5 - (-2 - (-4 - 3))?
-1
5 + -19 + 29 + -14 + -28
-27
What is the value of 220 + -242 - (2 + -22 + 3)?
-5
Calculate 29 + -48 + 13 - -15.
9
Calculate -13 - (2 + (-4 - 1)) - -8.
-2
What is the value of 5 + -6 + (-1 - -14)?
12
What is the value of 26 - (5 - (-7 - -2))?
16
What is the value of 15 - 28 - -25 - (1 + -1)?
12
Evaluate (10 - 12) + -21 + 41.
18
What is the value of (-6 - (3 + -10)) + -1 + 12?
12
Evaluate -3 - (18 - (16 - 3)).
-8
What is 11 - (8 - (-9 + (1 - -7)))?
2
Evaluate 18 - 2 - 0 - (9 - (-3 + 7)).
11
-4 + (-15 - -9) + -2
-12
What is the value of -1025 + 1028 + (2 - 19) + 0 + 2?
-12
Calculate -5 - ((3 - 1) + 1 - (10 + -12)).
-10
Calculate 17 - -4 - (-59 - -96).
-16
What is -17 + 9 - 4 - (1 + -6)?
-7
What is the value of (-7 + 18 - (21 - 5)) + 1?
-4
Calculate (-83 - -85 - (-1 - -5)) + -3.
-5
What is -56 + 62 - (0 - (0 + 2))?
8
Evaluate -25 - (-12 + -2) - -9 - 23.
-25
(-24 - -68) + -10 + -27
7
Evaluate -7 + (-2 - (-21 - (-13 + (-3 - -9)))).
5
Calculate (-9 - -1) + 13 + 1 - -9.
15
What is the value of 0 + 9 + (18 - 29)?
-2
-4 + -16 + (-1 - 0) - (-39 + 32)
-14
What is -19 + 11 + -8 - (-16 + -35)?
35
What is the value of -30 + 86 + -10 - 25?
21
What is 12 + (0 - (12 - 4))?
4
10 - (-13 - -21) - 22
-20
What is the value of 3 + 9 + -8 + (9 - 2 - 10)?
1
Evaluate 4 + -17 + (-3 - -13).
-3
0 + 30 + -2 - (-18 - (42 + -65))
23
Calculate 4 + -1 + (-11 - (-35 + 12) - 3).
12
Calculate 28 + -2 - (359 - 334).
1
2 - 3 - (-169 - -184)
-16
45 - (40 + -24 + 20)
9
What is -1 - -18 - 34 - -11?
-6
Calculate -62 - (-26 - (-23 - -30)).
-29
Calculate -5 + 9 + 3 + 3 - 5 - 5.
0
Evaluate -11 - (-3 + (-2 - -10)) - (-52 + 44).
-8
Evaluate -12 + -3 - (-42 + (-31 - -69)).
-11
Calculate (11 - (-9 - -21)) + -1.
-2
Calculate -40 + 10 + -5 + 49.
14
What is -7 - (1 - 1) - (-1 + (4 - -1))?
-11
Calculate -10 + 0 - (-39 - (-26 + -17)).
-14
What is (416 - 399) + 0 + -17 - 19?
-19
Evaluate -13 - (-27 + 20 + (10 - -13)).
-29
Calculate -1 + 15 + 29 + -37.
6
What is the value of -12 - (10 + 1 - (280 + -254))?
3
1 - (4 + (0 - 0)) - (-1750 - -1732)
15
What is the value of -4 - (-260 + 237 + -2 + (-1 - -9))?
13
-4 - (-5 + -1 + (20 - 9) - 2)
-7
What is -6 + (-3 - -3) + 10 + 1 + -14?
-9
Calculate -45 - (-3 + -11 + 10) - -12.
-29
-67 - -24 - -33 - -26
16
Calculate (25 + -26 - 6) + 25.
18
Evaluate -8 - ((-2 - -2) + 15 + 8 + -16).
-15
What is the value of -20 + 9 - (-21 + (-7 - 0 - 1))?
18
What is -16 - -35 - ((6 - (-1 - 1)) + 1)?
10
Calculate -11 - (-2 + 1 - (18 - 16)).
-8
What is (-19 - (-7 + 7)) + 19 + -27?
-27
What is the value of -183 + 172 + (0 - -9 - 0)?
-2
Evaluate -189 - -162 - (-18 - 2).
-7
-7 - (-7 + (14 - (-1 + 8)))
-7
Calculate -18 + (13 + -5 - 1) - -8.
-3
Calculate -7 + 1 + (-23 - -44) + -24.
-9
What is the value of 2 - (0 + -3) - (-52 - (-67 - -20))?
10
Calculate 6 - (9 + -15 + (-1 - -1) + 2).
10
Evaluate (1 - -10) + -21 + 45 + -18.
17
Evaluate (-5 + -3 - -12) + -2 + 5.
7
Evaluate 2 + (4 - 13) + 7 + 28 + -14.
14
Calculate -4 + (-2 - -14 - (6 - -2 - 4)).
4
Evaluate -22 + -9 + 48 + -12.
5
Calculate -22 + (59 - (76 - 39)).
0
Evaluate (10 - (25 + -17)) + 1 + 0 + 11.
14
What is the value of 57 - 65 - (4 + -4 + -12)?
4
7 - (-8 + (9 - 9))
15
Calculate -5 + -9 + 8 + 15 + -11.
-2
Evaluate 1 + 1 - (115 - 105).
-8
Evaluate -27 + (9 - (24 + -27)).
-15
Calculate 9 + 21 + 4 + -8 - 8.
18
What is the value of (9 - -11) + -11 + -6?
3
What is -1 + -5 + (11 - (-13 + 18)) + 5?
5
What is (-5 - -2) + -6 + (12 - 3) + 6?
6
What is the value of (107 - 112) + 4 + (1 - 0) + 8?
8
14 - 16 - -21 - 10
9
What is (8 - -2) + (24 - 43) + 8?
-1
Evaluate -3 + (-17 - -33) - 17.
-4
Calculate -18 - (5 - (1 + 31)).
9
What is the value of (-15 - -6) + 3 + 4 - (0 + 0)?
-2
What is 6 + 9 - (0 + 10 - -1)?
4
Calculate -11 + 14 + -4 - (1 + -4).
2
Evaluate (12 - 17) + 41 + -29.
7
What is the value of (-15 - -6 - (-23 + 29)) + -14?
-29
7 + 3 + -100 + 83
-7
Calculate (-3 + -5 - -19 - (-1 - -1)) + -1.
10
What is -9 + (0 - (9 - (6 - -5)))?
-7
Evaluate 1 - (-13 + (-2 - -20)) - (9 - -1).
-14
Evaluate -2 + -6 + 3 - (-3 - -9).
-11
7 - (-3 - (-7 - -1)) - 6 - 5
-7
-16 + -14 + 14 + 12
-4
What is the value of -15 + 14 + 9 + 2 + -1 - -5?
14
What is 6 - -28 - (14 + -1) - (6 - 2)?
17
What is -2 - -7 - 23 - -1 - -32?
15
What is 2 - (0 - ((-1 - (-6 + 1)) + -11))?
-5
-14 + 28 + 51 + -42
23
What is the value of 7 - (-45 - (-7 - 20))?
25
Evaluate 11 + (13 - 3 - 4 - (31 - -3)).
-17
-8 + 0 - (-15 + -8 + 29)
-14
What is -36 - 0 - ((-19 - -13) + 1 + -6)?
-25
What is the value of -4 + 0 + (11 - (4 + 13))?
-10
What is -16 - ((-43 - -32) + -10)?
5
Evaluate 0 + 3 + 2 - (837 + -809).
-23
Evaluate ((1 - 2) + 21 - (2 + 0)) + 0.
18
Evaluate (12 - (-35 - -38)) + 14.
23
Evaluate (-18 - 7) + (-4 - 7 - -6 - -4).
-26
-9 + 4 - (-5 - (-8 - -5))
-3
14 - (-30 + 14) - -5
35
Evaluate 3 - (-32 - -25) - 18.
-8
Calculate -23 - -6 - 1 - -8 - -30.
20
Calculate 22 + (-22 - -10) - 14.
-4
Calculate (1 - 30) + 27 - (1 + -10).
7
What is (24 - 29) + -2 + -9?
-16
What is the value of -17 + 8 - (-3 + 6 + (-3 - -2))?
-11
What is the value of 38 + -59 + 32 + (-36 - (-3 + 1))?
-23
What is -11 + -3 + (0 - -3)?
-11
Evaluate (16 + -15 - -46) + -25.
22
Calculate 34 + (-42 - 39) + 35.
-12
What is 92 + -88 + (-12 - 4)?
-12
-27 + 2 - (-22 - (12 - 25))
-16
Calculate 7 + (8 - (6 + 8) - 6).
-5
Calculate 252 + -248 + -1 + 6 + 1 - -13.
23
Calculate 6 - 3 - (4 + 0) - (-103 + 113).
-11
Evaluate -9 + 6 - -38 - (-75 - -83).
27
(-30 - -36) + (-13 - 2 - 0)
-9
What is 4 + (-8 - -17) - 30 - -12?
-5
Calculate 9 - 40 - (-40 + -1).
10
What is the value of (2 + (1 - 6) - (-3 - -6)) + 9?
3
What is the value of -29 + -3 + 1 + 22?
-9
0 + -34 + (-23 - -38)
-19
What is 269 + -280 - (-32 + 2)?
19
Evaluate (20 - (18 - 4)) + -3 + (0 - 26).
-23
Calculate -8 + 10 + 0 - 4 - 0.
-2
What is the value of -31 - -18 - (-22 - -7)?
2
Calculate 2 - (4 - 0) - 0 - (-9 + 15).
-8
What is 2 + 18 + (1 - 10) + -7 + 14?
18
Evaluate 4 + -2 + 54 + -34 - 12.
10
-9 + (-1 - -14 - (103 + -102))
3
What is 4 - (4 - 1) - (-22 - 0)?
23
What is the value of (8 - 13) + 3 + (2 - -7) + 28?
35
What is (1 + 1 - -7) + -1 + 562 + -595?
-25
What is the value of 9 + (-1 - -3) + -189 + 193?
15
Evaluate 10 - 4 - ((0 - (-4 + 9)) + -2).
13
-2 - -3 - (-16 - (-22 + 17))
12
What is -2 + 1 + 12 + 6 + (-8 - -9)?
18
26 + (9 + 18 - 70)
-17
Calculate (-5 - -15 - (11 + -1)) + 9 + -9.
0
Calculate -3 + 13 - (-19 - (4 + -43)).
-10
Calculate 2 + -25 + (-2 - -1) + (-1165 - -1160).
-29
What is the value of (-7 - (-60 - -53)) + (0 - -7)?
7
Evaluate 37 - 25 - 40 - ((-2 - 4) + 0).
-22
Calculate 4 - -6 - (1 - -4).
5
Calculate 4